-5*p + 3*b. Let w = p + -20. What are the prime factors of w?
2, 5
Let f(a) = 2*a**2 - 2. Let l be f(-2). Suppose 5*h = 3*h + l. Suppose -k + 4*o + 1 = 0, -h*k + 23 = k + 3*o. List the prime factors of k.
5
Let z(s) = 20*s + 6. Let f(n) = 7*n + 2. Let d(x) = 8*f(x) - 3*z(x). What are the prime factors of d(-4)?
2, 7
Let y = 10 - 2. Let t = -5 + y. Suppose -t*w + 3*g + 69 = 0, 3*w - 39 = w - 5*g. What are the prime factors of w?
2, 11
Let w be (8 - 6) + (-4)/(-2). Suppose -11 = -w*s + 29. What are the prime factors of s?
2, 5
Let v be (-41 - 1)/(-10 + 8). Let f = v - 10. List the prime factors of f.
11
Suppose 3*j - 5*v = -0*j + 20, 35 = 2*j + v. Let n = -10 + j. Let z = n - 3. What are the prime factors of z?
2
Suppose -2*c - 165 = -5*c. List the prime factors of c.
5, 11
Suppose 4*d = 2*u + 54, 0*d + 70 = -5*u - 3*d. Let m = -10 - u. What are the prime factors of m?
7
Let b(y) = 3*y. List the prime factors of b(10).
2, 3, 5
Suppose 48 = -2*c + 6*c. Suppose 4*a - 6*u + 8 = -u, 2*a - 2*u + 2 = 0. What are the prime factors of (c/5)/(a/10)?
2
Let d(u) = -9*u**3 - u**2 + 3*u + 1. List the prime factors of d(-2).
3, 7
Let n(m) = -m**3 + 2*m**2 + 3*m + 5. Let o be n(-4). Suppose p - o = -4*x - 1, -110 = -5*x - 3*p. What are the prime factors of x?
2, 11
Let g(x) = -x + 11. What are the prime factors of g(8)?
3
Let a = 92 + -54. Suppose 0 = 5*u + a - 113. Suppose u = 3*f, 2*z - 9 = 2*f - 3*f. List the prime factors of z.
2
Suppose -r + 10 = -4*x + r, 0 = x - 2*r + 10. Suppose x = 5*q - 34 - 21. List the prime factors of q.
11
What are the prime factors of (-10)/(-4)*(4 - (-520)/25)?
2, 31
Let c(k) = -k**3 - 11*k**2 + 1. Let y be c(-11). Suppose -y = -d + 21. What are the prime factors of d?
2, 11
Let q be (2 + 1)/(21/112). Let j = 24 - q. What are the prime factors of j?
2
Let h(o) = -15*o**3 + 4*o**2 + 3*o + 1. List the prime factors of h(-2).
131
Let h be 0 + -4 + 46/(-1). What are the prime factors of (-2)/4*1*h?
5
Suppose -n + 329 = 3*q, -3*q = -4*q - 4*n + 117. What are the prime factors of q?
109
Let a be 2/4*(-2 + 14). Suppose -5 = -4*b - 1. Suppose 0 = k - a + b. List the prime factors of k.
5
Suppose -21*b + 68 = -17*b. What are the prime factors of b?
17
Suppose -2*a + 36 = a. What are the prime factors of (a - -2)*3/6?
7
List the prime factors of ((-4)/(-8))/(3/102).
17
Let p(n) = -n**2 + 39*n + 1. List the prime factors of p(21).
379
Let x be (21/(-6))/(2/4). Let r = x - -21. What are the prime factors of r?
2, 7
Let m(v) = -v**2 + 3*v + 2. Let g be m(3). Suppose 70 = g*y - 20. List the prime factors of y.
3, 5
Suppose 0 = -b - 4*q + 62, 3*q - 2*q = -4. What are the prime factors of (b + -4)*(-2)/(-4)?
37
Let z be ((-104)/(-12))/(4/6). Let f = z - 3. List the prime factors of f.
2, 5
Let i(u) = u**2 - 4*u + 1. List the prime factors of i(-5).
2, 23
Let k = -11 - -21. What are the prime factors of k?
2, 5
Suppose -y + 5*y - 12 = 0. Suppose 4*w + 4*l + 88 = 0, -y*w - 44 - 2 = -2*l. Let s = 30 + w. List the prime factors of s.
2, 3
Suppose -3*m = -23 - 10. Suppose 71 = 5*b + m. What are the prime factors of b?
2, 3
Suppose 4*n = -0*n. Suppose 68 = -n*w + 2*w. What are the prime factors of w?
2, 17
Let a = 42 + -16. Let k = a + -7. What are the prime factors of k?
19
Let v = 57 + 32. List the prime factors of v.
89
Let v(w) = w + 2. Let n be v(-4). Let q be (-1 + 6)*n/(-5). List the prime factors of (q - -8 - -2) + -2.
2, 5
Suppose -3*g + 0*g = -6. Suppose -2*q - g*q + 84 = 0. Let s = q - 10. List the prime factors of s.
11
Suppose 22 = -2*s + 152. Suppose 0 = -6*l + l + s. What are the prime factors of l?
13
Suppose -t = -5 + 2, -3*m - t = -12. Let r = m - -1. Suppose r*f = 2*y + 58, 3*f = 2*y + 2*y + 36. What are the prime factors of f?
2
Suppose 4*l + 11 - 3 = 0, -3*l = 2*v. Suppose p + v*p - y = 2, 2 = 2*p - y. Suppose p*a = -a + 10. What are the prime factors of a?
2, 5
Let c(z) = z**2 - 2*z - 7. Suppose 3*s - 5 = 2*s - 3*a, s - 5 = -a. List the prime factors of c(s).
2
What are the prime factors of (0 + -3)*3/(18/(-186))?
3, 31
Suppose 5*a + 50 = 5. Let i = a - -17. What are the prime factors of i?
2
Suppose -13*c + 10*c + 582 = 0. What are the prime factors of c?
2, 97
Suppose -2*q + q = 3*g + 245, -4*g - 1214 = 5*q. Let x be (-4)/14 + q/(-14). Suppose 5*f = 43 + x. List the prime factors of f.
2, 3
Let c = 0 - 5. What are the prime factors of (-40)/c + (2 - 1)?
3
Let u be ((-8)/10)/((-3)/(-15)). Let f = u + 6. What are the prime factors of f?
2
Suppose 0 = 5*i - f - 47, 65 = 5*i + 8*f - 3*f. Let x = -4 + i. Suppose 0 = 4*b - 14 - x. List the prime factors of b.
5
Let g = 213 - 122. What are the prime factors of g?
7, 13
List the prime factors of (-6 - 18)*(-6)/4.
2, 3
Let y be (-6)/(-3)*4 + -3. Let t be ((-10)/4)/(y/(-10)). Suppose 21 = 2*z + t. List the prime factors of z.
2
Let h(d) be the second derivative of d**4/4 - d**3/3 + 13*d**2/2 + d. Let j(w) = 2*w**2 - w + 9. Let g(a) = 5*h(a) - 7*j(a). What are the prime factors of g(5)?
2, 3
Suppose 5*k + 0*k - 115 = 0. List the prime factors of k.
23
Let h = 36 + 24. List the prime factors of h.
2, 3, 5
Let n = -8 - -6. Let h be (-3 + n)*2/5. Let z = 5 + h. What are the prime factors of z?
3
Suppose 11*t - 10*t = 16. List the prime factors of t.
2
Suppose -5*k - 326 = -1071. What are the prime factors of k?
149
Let z = 88 - 40. What are the prime factors of z?
2, 3
Suppose -21 = -3*v + 15. Suppose b - 5 = v. Let y = b + -11. What are the prime factors of y?
2, 3
Let w(r) = r + 10. List the prime factors of w(6).
2
Let r(i) = 8*i - 1. Let f be r(1). Suppose -l = l - a - 5, -3*l + a = -f. Suppose -3*b = 2*q - l - 0, -5*q - 5*b + 10 = 0. List the prime factors of q.
2
Let m(y) = -4*y**2 + 10*y - 1. Let t(f) = -3*f**2 + 9*f - 1. Let c(h) = -4*m(h) + 5*t(h). What are the prime factors of c(-6)?
5
Let u(g) = -10*g**3 + 2*g**2 + 2*g - 2. What are the prime factors of u(-2)?
2, 41
Let m be (54/(-15))/(2/(-5)). Suppose -2*b + 33 = m. Suppose -4*u = -u - b. What are the prime factors of u?
2
Let h(i) = 8*i**2 + 3*i - 7. List the prime factors of h(-4).
109
Let a = -44 + 19. What are the prime factors of 67/5 - 15/a?
2, 7
Let l(d) = -52*d - 24. What are the prime factors of l(-5)?
2, 59
Let r be (-19)/((3 - 0)/9). What are the prime factors of r/(-4) - 6/(-8)?
3, 5
Let j(c) = -c - 5. Let l be j(-7). Suppose 4*q - 56 = -l*p, -5*p - 2*q = -0*q - 108. List the prime factors of 6/(-4)*p/(-3).
2, 5
Let i be 10/4 + (-3)/6. Suppose -3*b + 1 = 5*x - 19, 4*b - 55 = -x. Suppose o = -i*o + b. List the prime factors of o.
5
Let t be 31 + (-9)/(-3)*-1. Let c = -6 + t. What are the prime factors of c?
2, 11
Suppose 5*s = 15, -6*s = 2*o - s - 87. What are the prime factors of o?
2, 3
Let k = 2 + -4. Let u(y) = -2*y**3 + 2*y. What are the prime factors of u(k)?
2, 3
What are the prime factors of -1*(-4 + 1)*35?
3, 5, 7
Let r = 3 + -5. What are the prime factors of 1/r*(-7 + 3)?
2
Suppose y - 2 = 2. Let r = y + 4. Let w = 2 + r. List the prime factors of w.
2, 5
Let x = 525 + -236. What are the prime factors of x?
17
List the prime factors of (-2092)/(-18) - -2 - 10/45.
2, 59
Suppose 3*h + 139 = 4*f, -f + 3*h = f - 77. Suppose -3*r = c - f, c - 2 = -r + 35. Suppose v + x = -4*x + c, v - 5*x = -10. List the prime factors of v.
3, 5
Suppose -5*z - 3*p + 25 = 0, 0*z + 5*p + 5 = z. Let o(b) = -5*b + 37 + 2*b**2 - 35 - b**2. What are the prime factors of o(z)?
2
Let s be 89/(-2)*(0 - 2). List the prime factors of (-2)/8 + s/4.
2, 11
Let v(j) = -j**2 + 6*j. Let d(k) be the second derivative of 5*k**4/12 - k**3/6 + k**2/2 + k. Let p be d(1). List the prime factors of v(p).
5
Suppose -k + 3*k - 96 = 0. Suppose 2*r - 3*p + 6 = 5*r, -4*p - k = -4*r. What are the prime factors of r?
7
Suppose -4*t = -i - 4, 4*t - 1 = -2*i + 3. Suppose 0 = 4*d + 2*h - 16, 19 = -i*d + 3*d + 5*h. What are the prime factors of d?
3
Let t = 5 + -4. Suppose 4*n - 55 = -3. Suppose t = -4*i - 3*x - 0, 5*x + n = -i. List the prime factors of i.
2
Let u be 1/1 - 71*-1. Suppose 0 = 4*p - 0*p - u. Let k = p + -6. List the prime factors of k.
2, 3
Let b be (25/(-10))/((-2)/(-4)). Let h be (-3)/(2 - (-9)/b). Let p = h + 29. List the prime factors of p.
2, 7
Suppose 0 = 4*x - 3*x + 6. Let j = 10 + x. Suppose -j*w + 4 = -28. List the prime factors of 